is the remainder when u is divided by l?
10
Let h(y) = -19*y - 53. Let p be h(-6). Let j be (-4)/8 + 63/(-2). Let v = p + j. What is the remainder when 56 is divided by v?
27
Suppose -2*v = -2, 221*w = 216*w + 5*v + 805. Calculate the remainder when w is divided by 72.
18
Suppose 7*h - 366 = x, 0 = -5858*h + 5861*h - x - 154. Let a(j) = -2*j**3 + 3*j**2 + j - 4. Calculate the remainder when a(-5) is divided by h.
51
Suppose -5*b - u + 25 = -5*u, 5*u = -25. Let x(t) = 9*t**3 + t**2 + t - 2. Let l be x(b). Let o = 12 + l. Calculate the remainder when o is divided by 8.
5
Suppose -10*k = -4*k - 66. Let y = k + -4. Suppose 0 = -2*c + y*c - 215. Calculate the remainder when 169 is divided by c.
40
Suppose -3*d = -7*d + 480. Let b = -27159 - -27184. What is the remainder when d is divided by b?
20
Suppose -5*h = s + 3, -10*h + 24 = 2*s - 6*h. What is the remainder when (165/2)/(11/s) is divided by 14?
11
Suppose -4*g - g + 345 = 0. Let z(v) be the third derivative of -v**4/24 + 23*v**3/6 + 12*v**2 - 2*v. Calculate the remainder when g is divided by z(5).
15
Let n = -245 + 437. Let x = n - 175. What is the remainder when 74 is divided by x?
6
Let f(a) = a**3 - 2*a**2 + a + 1. Let j be f(2). What is the remainder when 104 is divided by ((-3)/(-6))/(j/234)?
26
Let i be (-1 + (0 - 2))*(-3606)/18. Suppose 0 = 7*a - i - 197. Suppose g - 4*v - 19 = 0, 5*g - v - a = -0*g. What is the remainder when g is divided by 14?
9
Let j(p) = 2*p + 30. Suppose 6*g = 5*g - 5*m - 19, 5*g - 3*m = -39. Calculate the remainder when 81 is divided by j(g).
9
Let y(s) = s**2 + 8*s + 7. Let g be y(-6). Let i = 418 + -431. Let u = g - i. What is the remainder when 13 is divided by u?
5
Suppose 59*h - 55428 = -4*h + 310350. What is the remainder when h is divided by 88?
86
Let s(q) = 2*q**3 - 29*q**2 + 45*q - 5. Let b(p) = 11*p**2 + p + 1. Calculate the remainder when s(13) is divided by b(-2).
30
Suppose -5*q = -5*s + 58 + 597, 0 = q + 3*s + 139. Let d be (-1)/(-7) - 114/q. Calculate the remainder when d/(-4) + 3927/44 is divided by 18.
17
Let s = -36 - -44. Let v(u) = 20*u + 60. Let g be v(-3). Suppose -15*a + 0*a + 690 = g. Calculate the remainder when a is divided by s.
6
Suppose 0 = 14*q - 18*q + 72. Suppose 192 = 3*i + 5*z, 0 = -3*i + 3*z + 210 - q. Calculate the remainder when 190 is divided by i.
62
Let t = 260 - 166. Calculate the remainder when t is divided by -1*((-14)/(-21))/(2/(-24)).
6
Let q = -9462 - -9493. Let d = -205 + 379. What is the remainder when d is divided by q?
19
Suppose 5*d = 5*h + 485, 0 = -d + 5*d - 5*h - 393. Let y be ((-8)/4)/(-2) + d. Let j = 182 - y. What is the remainder when j is divided by 15?
14
Suppose -2*c + 4*z = -146, c - 3*z - 180 = -101. Calculate the remainder when 194 is divided by c.
11
Let p = -148 + 128. Let x(m) = -m**3 - 18*m**2 + 40*m + 19. What is the remainder when 149 is divided by x(p)?
16
Let u = -92 + 166. Let f be (-36)/126 - u/(-14). Suppose 3*m + 4*c = 253, -3*m + f*c + 410 = 2*m. Calculate the remainder when m is divided by 28.
27
Let f(w) = -8*w - 7. Suppose 2*m = 0, -3*r - 16*m + 18*m = 0. What is the remainder when f(-11) is divided by 20/(-20) + r + 45/3?
11
Let n(b) = -2*b**2 - 130*b + 9. Calculate the remainder when n(-6) is divided by 16.
13
Let u(g) = 18*g - 108. Let x be u(6). Suppose 5*f - 31 = 4*r, 23 = f - x*f - 5*r. What is the remainder when 155 is divided by f?
2
Let o = 544 - 554. Calculate the remainder when o + 12 + 710/5 is divided by 50.
44
Let z(w) = 360*w + 117. What is the remainder when z(7) is divided by 66?
63
Calculate the remainder when 36*(-77 + -3)/((-200)/80) is divided by 570.
12
Let o(t) = 41*t**2 + 178*t - 25. What is the remainder when o(-6) is divided by 183?
17
Suppose h = 5*b + 26, -6*b + b - 190 = -5*h. Let f = -110 - -115. What is the remainder when h is divided by (21/f)/(6/30)?
20
Suppose -127 = -3*v + 77. Let n = -59 + v. What is the remainder when 31 is divided by n?
4
Suppose -12*o = -15*o + 879. Let y = o + -271. Suppose 0*t - 87 = -t. Calculate the remainder when t is divided by y.
21
Suppose 2*z = 2*s - 1470, 31*z - 32*z + 2209 = 3*s. What is the remainder when s is divided by 410?
326
Suppose -1559*a - 2870 = -1600*a. What is the remainder when 2169 is divided by a?
69
Suppose -53*i + 7359 = -24070. What is the remainder when i is divided by 196?
5
Suppose 406*z = 405*z + 3. Suppose -726 = z*j - 25*j. Calculate the remainder when j is divided by 19.
14
Suppose -10*l - 906 + 2496 = 0. Let h = -18 + l. What is the remainder when h is divided by 36?
33
Suppose 3*q - 43 = 14. Let d = -237 - -400. Suppose d = 26*y + 33. Calculate the remainder when q is divided by y.
4
Suppose 301 = -9*r + 1768. Calculate the remainder when r is divided by 63.
37
What is the remainder when 9455 is divided by (3/4)/(17/(-68)) + 19?
15
Suppose -3*f + 78 = -21*v + 18*v, 0 = 3*v - 9. What is the remainder when 71 is divided by f?
13
Suppose -3*p - 167 + 206 = -0*p. What is the remainder when 644 is divided by p?
7
Let w(k) = -7*k + 1. Suppose n = -4*i - 2*n + 53, 0 = -i - 5*n - 8. Calculate the remainder when i is divided by w(-1).
1
Let d(k) = 2*k**2 + 5*k - 263. Suppose 0 = 5*f + 24 + 121. Let g = f - -48. What is the remainder when d(-15) is divided by g?
17
Let f = 972 + 49. What is the remainder when 6/132*4 - f/(-11) is divided by 50?
43
Let u = 6601 - 6315. Calculate the remainder when u is divided by 72.
70
Suppose 2*j = 3*n - 5*n + 60, -2*n + 135 = 5*j. Suppose 4*v - 2*d = 496, v + 4*d = 6*d + 124. What is the remainder when v is divided by j?
24
Suppose -2*t = 5*r - 213, 218 = 6*r - r - 3*t. Suppose -3*s + c + 441 = 0, 22*s - 20*s + 4*c - 322 = 0. What is the remainder when s is divided by r?
20
Let r(n) = -4*n**3 - 6*n**2 - 15*n + 19. Calculate the remainder when 481 is divided by r(-3).
9
Let z = 21 - -37. Suppose -u = -l - 266, 2*u + 770 = 5*u + 4*l. Suppose u = 29*a - 86. Calculate the remainder when z is divided by a.
10
Let w(u) be the first derivative of u**4/4 + 10*u**3/3 + 3*u**2 + 30*u + 5. Let k be w(-10). Let g = k - -41. What is the remainder when 40 is divided by g?
7
Suppose 943 = 4*m + 99. Suppose -4*x + 5*p = -231, 135 - 399 = -5*x - 2*p. What is the remainder when m is divided by x?
49
Suppose 24 = 3*m + 2*i - 40, 3*i + 12 = 0. Suppose m = 5*s - 3*s. Let o = 24 - s. What is the remainder when 34 is divided by o?
10
Let x(m) = -40*m - 8. Let k = 579 + -581. Calculate the remainder when 210 is divided by x(k).
66
Let y = -563 - -265. Let k = -93 - y. Suppose 3*b = u + k, 4*b - u - 272 = u. What is the remainder when b is divided by 12?
9
Suppose 4*s + 15 = 5*s - t, -5*s + 2*t = -78. Suppose -7*v - 6*v + 39 = 0. Suppose i = q + v*q + 58, i - 43 = -q. What is the remainder when i is divided by s?
14
Let l(q) = 4*q + 8. Let m be l(6). Let c = -54 + 41. Let k = c + m. What is the remainder when 34 is divided by k?
15
Let g(d) be the third derivative of -d**4/24 + 5*d**3/6 + 3*d**2. Let h(y) = -52*y**2 - 1667*y + 11. Calculate the remainder when h(-32) is divided by g(-5).
7
Let t = 12 - 10. Suppose 0 = -2*i + 4, 6 = -o - 0*i + t*i. What is the remainder when 50 is divided by ((1 - o) + 24)/1?
23
Let q(j) = -62*j + 1420. What is the remainder when 247 is divided by q(21)?
11
Let r(k) = 13*k**2 + 4*k - 4. Let c = -59 - -60. Suppose -8*u = -3*u - 235. Calculate the remainder when u is divided by r(c).
8
Calculate the remainder when 655 is divided by 7/(56/1056) - -2.
119
Suppose -4*d = -2*d - 110. Let q = -43 + d. Let f = 57 - 26. What is the remainder when f is divided by q?
7
Suppose 224 = 20*u - 76. Let x(k) = -k**3 + 12*k**2 + 13*k + 2. Calculate the remainder when u is divided by x(13).
1
What is the remainder when 4173 is divided by ((16/(-20))/((-18)/(-540)))/(-1)?
21
Suppose -126 = 2*o - 3*n, -4*n + n - 81 = o. Let q = -38 - o. Let p = -10114 + 10174. Calculate the remainder when p is divided by q.
29
Let y be ((-3)/(-9))/((-2 - 1)/(-45)). Suppose 0 = -3*t - 2*j + 42, -3*j = -y*t + 2*j + 45. Calculate the remainder when (-55)/(-2)*(-4)/(-5) is divided by t.
10
Let a = -29060 + 29668. What is the remainder when a is divided by 250?
108
Let f be (4/(14/(-7)))/(8/(-12)). Suppose -3*c = 5*b - 78, -5*c + f*c = -2*b + 44. What is the remainder when 827 is divided by b?
1